 {"version":"1.0","provider_name":"Prix de Lausanne","provider_url":"https:\/\/www.prixdelausanne.org\/fr\/","author_name":"Assistant Communication","author_url":"https:\/\/www.prixdelausanne.org\/fr\/author\/assistant\/","title":"Sebasti\u00e1n Vinet - Prix de Lausanne","type":"rich","width":600,"height":338,"html":"<blockquote class=\"wp-embedded-content\" data-secret=\"F9Mwgios8p\"><a href=\"https:\/\/www.prixdelausanne.org\/fr\/spotlights\/sebastian-vinet-2\/\">Sebasti\u00e1n Vinet<\/a><\/blockquote><iframe sandbox=\"allow-scripts\" security=\"restricted\" src=\"https:\/\/www.prixdelausanne.org\/fr\/spotlights\/sebastian-vinet-2\/embed\/#?secret=F9Mwgios8p\" width=\"600\" height=\"338\" title=\"\u00ab\u00a0Sebasti\u00e1n Vinet\u00a0\u00bb &#8212; Prix de Lausanne\" data-secret=\"F9Mwgios8p\" frameborder=\"0\" marginwidth=\"0\" marginheight=\"0\" scrolling=\"no\" class=\"wp-embedded-content\"><\/iframe><script type=\"text\/javascript\">\n\/* <![CDATA[ *\/\n\/*! This file is auto-generated *\/\n!function(d,l){\"use strict\";l.querySelector&&d.addEventListener&&\"undefined\"!=typeof URL&&(d.wp=d.wp||{},d.wp.receiveEmbedMessage||(d.wp.receiveEmbedMessage=function(e){var t=e.data;if((t||t.secret||t.message||t.value)&&!\/[^a-zA-Z0-9]\/.test(t.secret)){for(var s,r,n,a=l.querySelectorAll('iframe[data-secret=\"'+t.secret+'\"]'),o=l.querySelectorAll('blockquote[data-secret=\"'+t.secret+'\"]'),c=new RegExp(\"^https?:$\",\"i\"),i=0;i<o.length;i++)o[i].style.display=\"none\";for(i=0;i<a.length;i++)s=a[i],e.source===s.contentWindow&&(s.removeAttribute(\"style\"),\"height\"===t.message?(1e3<(r=parseInt(t.value,10))?r=1e3:~~r<200&&(r=200),s.height=r):\"link\"===t.message&&(r=new URL(s.getAttribute(\"src\")),n=new URL(t.value),c.test(n.protocol))&&n.host===r.host&&l.activeElement===s&&(d.top.location.href=t.value))}},d.addEventListener(\"message\",d.wp.receiveEmbedMessage,!1),l.addEventListener(\"DOMContentLoaded\",function(){for(var e,t,s=l.querySelectorAll(\"iframe.wp-embedded-content\"),r=0;r<s.length;r++)(t=(e=s[r]).getAttribute(\"data-secret\"))||(t=Math.random().toString(36).substring(2,12),e.src+=\"#?secret=\"+t,e.setAttribute(\"data-secret\",t)),e.contentWindow.postMessage({message:\"ready\",secret:t},\"*\")},!1)))}(window,document);\n\/\/# sourceURL=https:\/\/www.prixdelausanne.org\/wp-includes\/js\/wp-embed.min.js\n\/* ]]> *\/\n<\/script>\n","thumbnail_url":"https:\/\/www.prixdelausanne.org\/wp-content\/uploads\/2019\/12\/51-Sebastian_VINET_1.jpg","thumbnail_width":505,"thumbnail_height":626,"description":"Le Prix de Lausanne repr\u00e9sente le d\u00e9but de ma carri\u00e8re d\u2019artiste. Revenir en tant que membre du jury est une immense responsabilit\u00e9 puisque j\u2019aurai l\u2019avenir de jeunes danseurs entre mes mains. Je me r\u00e9jouis de d\u00e9couvrir la g\u00e9n\u00e9ration qui est aujourd\u2019hui responsable de faire perdurer notre art. Sebasti\u00e1n Vinet na\u00eet \u00e0 Santiago (Chili) et commence [&hellip;]"}

Sebastián Vinet - Prix de Lausanne

<blockquote class="wp-embedded-content" data-secret="F9Mwgios8p"><a href="https://www.prixdelausanne.org/fr/spotlights/sebastian-vinet-2/">Sebastián Vinet</a></blockquote><iframe sandbox="allow-scripts" security="restricted" src="https://www.prixdelausanne.org/fr/spotlights/sebastian-vinet-2/embed/#?secret=F9Mwgios8p" width="600" height="338" title="« Sebastián Vinet » &#8212; Prix de Lausanne" data-secret="F9Mwgios8p" frameborder="0" marginwidth="0" marginheight="0" scrolling="no" class="wp-embedded-content"></iframe><script type="text/javascript">
/* <![CDATA[ */
/*! This file is auto-generated */
!function(d,l){"use strict";l.querySelector&&d.addEventListener&&"undefined"!=typeof URL&&(d.wp=d.wp||{},d.wp.receiveEmbedMessage||(d.wp.receiveEmbedMessage=function(e){var t=e.data;if((t||t.secret||t.message||t.value)&&!/[^a-zA-Z0-9]/.test(t.secret)){for(var s,r,n,a=l.querySelectorAll('iframe[data-secret="'+t.secret+'"]'),o=l.querySelectorAll('blockquote[data-secret="'+t.secret+'"]'),c=new RegExp("^https?:$","i"),i=0;i<o.length;i++)o[i].style.display="none";for(i=0;i<a.length;i++)s=a[i],e.source===s.contentWindow&&(s.removeAttribute("style"),"height"===t.message?(1e3<(r=parseInt(t.value,10))?r=1e3:~~r<200&&(r=200),s.height=r):"link"===t.message&&(r=new URL(s.getAttribute("src")),n=new URL(t.value),c.test(n.protocol))&&n.host===r.host&&l.activeElement===s&&(d.top.location.href=t.value))}},d.addEventListener("message",d.wp.receiveEmbedMessage,!1),l.addEventListener("DOMContentLoaded",function(){for(var e,t,s=l.querySelectorAll("iframe.wp-embedded-content"),r=0;r<s.length;r++)(t=(e=s[r]).getAttribute("data-secret"))||(t=Math.random().toString(36).substring(2,12),e.src+="#?secret="+t,e.setAttribute("data-secret",t)),e.contentWindow.postMessage({message:"ready",secret:t},"*")},!1)))}(window,document);
//# sourceURL=https://www.prixdelausanne.org/wp-includes/js/wp-embed.min.js
/* ]]> */
</script>

Le Prix de Lausanne représente le début de ma carrière d’artiste. Revenir en tant que membre du jury est une immense responsabilité puisque j’aurai l’avenir de jeunes danseurs entre mes mains. Je me réjouis de découvrir la génération qui est aujourd’hui responsable de faire perdurer notre art. Sebastián Vinet naît à Santiago (Chili) et commence [&hellip;]
