 {"version":"1.0","provider_name":"Prix de Lausanne","provider_url":"https:\/\/www.prixdelausanne.org\/fr\/","author_name":"Marielle jacquier","author_url":"https:\/\/www.prixdelausanne.org\/fr\/author\/marielle\/","title":"Rencontre avec John Neumeier - Prix de Lausanne","type":"rich","width":600,"height":338,"html":"<blockquote class=\"wp-embedded-content\" data-secret=\"ETiJ5MCQt0\"><a href=\"https:\/\/www.prixdelausanne.org\/fr\/rencontre-avec-john-neumeier\/\">Rencontre avec John Neumeier<\/a><\/blockquote><iframe sandbox=\"allow-scripts\" security=\"restricted\" src=\"https:\/\/www.prixdelausanne.org\/fr\/rencontre-avec-john-neumeier\/embed\/#?secret=ETiJ5MCQt0\" width=\"600\" height=\"338\" title=\"\u00ab\u00a0Rencontre avec John Neumeier\u00a0\u00bb &#8212; Prix de Lausanne\" data-secret=\"ETiJ5MCQt0\" frameborder=\"0\" marginwidth=\"0\" marginheight=\"0\" scrolling=\"no\" class=\"wp-embedded-content\"><\/iframe><script type=\"text\/javascript\">\n\/* <![CDATA[ *\/\n\/*! This file is auto-generated *\/\n!function(d,l){\"use strict\";l.querySelector&&d.addEventListener&&\"undefined\"!=typeof URL&&(d.wp=d.wp||{},d.wp.receiveEmbedMessage||(d.wp.receiveEmbedMessage=function(e){var t=e.data;if((t||t.secret||t.message||t.value)&&!\/[^a-zA-Z0-9]\/.test(t.secret)){for(var s,r,n,a=l.querySelectorAll('iframe[data-secret=\"'+t.secret+'\"]'),o=l.querySelectorAll('blockquote[data-secret=\"'+t.secret+'\"]'),c=new RegExp(\"^https?:$\",\"i\"),i=0;i<o.length;i++)o[i].style.display=\"none\";for(i=0;i<a.length;i++)s=a[i],e.source===s.contentWindow&&(s.removeAttribute(\"style\"),\"height\"===t.message?(1e3<(r=parseInt(t.value,10))?r=1e3:~~r<200&&(r=200),s.height=r):\"link\"===t.message&&(r=new URL(s.getAttribute(\"src\")),n=new URL(t.value),c.test(n.protocol))&&n.host===r.host&&l.activeElement===s&&(d.top.location.href=t.value))}},d.addEventListener(\"message\",d.wp.receiveEmbedMessage,!1),l.addEventListener(\"DOMContentLoaded\",function(){for(var e,t,s=l.querySelectorAll(\"iframe.wp-embedded-content\"),r=0;r<s.length;r++)(t=(e=s[r]).getAttribute(\"data-secret\"))||(t=Math.random().toString(36).substring(2,12),e.src+=\"#?secret=\"+t,e.setAttribute(\"data-secret\",t)),e.contentWindow.postMessage({message:\"ready\",secret:t},\"*\")},!1)))}(window,document);\n\/\/# sourceURL=https:\/\/www.prixdelausanne.org\/wp-includes\/js\/wp-embed.min.js\n\/* ]]> *\/\n<\/script>\n","thumbnail_url":"https:\/\/www.prixdelausanne.org\/wp-content\/uploads\/2016\/12\/John_Neumeier.jpeg","thumbnail_width":1707,"thumbnail_height":2560,"description":"Dans le cadre de\u00a0sa 45\u00e8me \u00e9dition, le Prix de Lausanne a souhait\u00e9 rendre hommage\u00a0au travail du chor\u00e9graphe\u00a0John Neumeier. Le panel de\u00a0variations contemporaines propos\u00e9 cette ann\u00e9e aux candidats est ainsi\u00a0exclusivement compos\u00e9 de ses cr\u00e9ations. En reconnaissance de ces nombreuses ann\u00e9es de collaboration et pour le d\u00e9vouement dont John Neumeier fait preuve envers l\u2019\u00e9ducation des\u00a0jeunes danseurs, le [&hellip;]"}

Dans le cadre de sa 45ème édition, le Prix de Lausanne a souhaité rendre hommage au travail du chorégraphe John Neumeier. Le panel de variations contemporaines proposé cette année aux candidats est ainsi exclusivement composé de ses créations. En reconnaissance de ces nombreuses années de collaboration et pour le dévouement dont John Neumeier fait preuve envers l’éducation des jeunes danseurs, le [&hellip;]
