 {"version":"1.0","provider_name":"Prix de Lausanne","provider_url":"https:\/\/www.prixdelausanne.org\/fr\/","author_name":"Assistant Communication","author_url":"https:\/\/www.prixdelausanne.org\/fr\/author\/assistant\/","title":"Le Prix fait vibrer Lausanne ! - Prix de Lausanne","type":"rich","width":600,"height":338,"html":"<blockquote class=\"wp-embedded-content\" data-secret=\"UhEk5IKs0Q\"><a href=\"https:\/\/www.prixdelausanne.org\/fr\/le-prix-fait-vibrer-lausanne\/\">Le Prix fait vibrer Lausanne !<\/a><\/blockquote><iframe sandbox=\"allow-scripts\" security=\"restricted\" src=\"https:\/\/www.prixdelausanne.org\/fr\/le-prix-fait-vibrer-lausanne\/embed\/#?secret=UhEk5IKs0Q\" width=\"600\" height=\"338\" title=\"\u00ab\u00a0Le Prix fait vibrer Lausanne !\u00a0\u00bb &#8212; Prix de Lausanne\" data-secret=\"UhEk5IKs0Q\" frameborder=\"0\" marginwidth=\"0\" marginheight=\"0\" scrolling=\"no\" class=\"wp-embedded-content\"><\/iframe><script>\n\/*! This file is auto-generated *\/\n!function(d,l){\"use strict\";l.querySelector&&d.addEventListener&&\"undefined\"!=typeof URL&&(d.wp=d.wp||{},d.wp.receiveEmbedMessage||(d.wp.receiveEmbedMessage=function(e){var t=e.data;if((t||t.secret||t.message||t.value)&&!\/[^a-zA-Z0-9]\/.test(t.secret)){for(var s,r,n,a=l.querySelectorAll('iframe[data-secret=\"'+t.secret+'\"]'),o=l.querySelectorAll('blockquote[data-secret=\"'+t.secret+'\"]'),c=new RegExp(\"^https?:$\",\"i\"),i=0;i<o.length;i++)o[i].style.display=\"none\";for(i=0;i<a.length;i++)s=a[i],e.source===s.contentWindow&&(s.removeAttribute(\"style\"),\"height\"===t.message?(1e3<(r=parseInt(t.value,10))?r=1e3:~~r<200&&(r=200),s.height=r):\"link\"===t.message&&(r=new URL(s.getAttribute(\"src\")),n=new URL(t.value),c.test(n.protocol))&&n.host===r.host&&l.activeElement===s&&(d.top.location.href=t.value))}},d.addEventListener(\"message\",d.wp.receiveEmbedMessage,!1),l.addEventListener(\"DOMContentLoaded\",function(){for(var e,t,s=l.querySelectorAll(\"iframe.wp-embedded-content\"),r=0;r<s.length;r++)(t=(e=s[r]).getAttribute(\"data-secret\"))||(t=Math.random().toString(36).substring(2,12),e.src+=\"#?secret=\"+t,e.setAttribute(\"data-secret\",t)),e.contentWindow.postMessage({message:\"ready\",secret:t},\"*\")},!1)))}(window,document);\n\/\/# sourceURL=https:\/\/www.prixdelausanne.org\/wp-includes\/js\/wp-embed.min.js\n<\/script>\n","thumbnail_url":"https:\/\/www.prixdelausanne.org\/wp-content\/uploads\/2026\/06\/summer-intensive-artistic-team-768x1024.png","thumbnail_width":768,"thumbnail_height":1024,"description":"Rendez-vous le 10 juillet, au Parc de Montbenon !Le Prix de Lausanne est ravi d'annoncer que Le Prix fait vibrer Lausanne, une performance collective des participants du Stage d'\u00e9t\u00e9, aura lieu dans le cadre magnifique de Montbenon. Cette performance est l'aboutissement d'une semaine compl\u00e8te de travail intensif men\u00e9 par les talentueux participants de notre Stage d'\u00e9t\u00e9 \u2013 Pr\u00e9s\u00e9lection internationale 2026."}

Rendez-vous le 10 juillet, au Parc de Montbenon !Le Prix de Lausanne est ravi d'annoncer que Le Prix fait vibrer Lausanne, une performance collective des participants du Stage d'été, aura lieu dans le cadre magnifique de Montbenon. Cette performance est l'aboutissement d'une semaine complète de travail intensif mené par les talentueux participants de notre Stage d'été – Présélection internationale 2026.
