 {"version":"1.0","provider_name":"Prix de Lausanne","provider_url":"https:\/\/www.prixdelausanne.org\/fr\/","author_name":"Assistant Communication","author_url":"https:\/\/www.prixdelausanne.org\/fr\/author\/assistant\/","title":"Collaborateurs artistiques 2018 - Prix de Lausanne","type":"rich","width":600,"height":338,"html":"<blockquote class=\"wp-embedded-content\" data-secret=\"64IW8OLCoS\"><a href=\"https:\/\/www.prixdelausanne.org\/fr\/collaborateurs-artistiques-2018\/\">Collaborateurs artistiques 2018<\/a><\/blockquote><iframe sandbox=\"allow-scripts\" security=\"restricted\" src=\"https:\/\/www.prixdelausanne.org\/fr\/collaborateurs-artistiques-2018\/embed\/#?secret=64IW8OLCoS\" width=\"600\" height=\"338\" title=\"\u00ab\u00a0Collaborateurs artistiques 2018\u00a0\u00bb &#8212; Prix de Lausanne\" data-secret=\"64IW8OLCoS\" frameborder=\"0\" marginwidth=\"0\" marginheight=\"0\" scrolling=\"no\" class=\"wp-embedded-content\"><\/iframe><script type=\"text\/javascript\">\n\/* <![CDATA[ *\/\n\/*! This file is auto-generated *\/\n!function(d,l){\"use strict\";l.querySelector&&d.addEventListener&&\"undefined\"!=typeof URL&&(d.wp=d.wp||{},d.wp.receiveEmbedMessage||(d.wp.receiveEmbedMessage=function(e){var t=e.data;if((t||t.secret||t.message||t.value)&&!\/[^a-zA-Z0-9]\/.test(t.secret)){for(var s,r,n,a=l.querySelectorAll('iframe[data-secret=\"'+t.secret+'\"]'),o=l.querySelectorAll('blockquote[data-secret=\"'+t.secret+'\"]'),c=new RegExp(\"^https?:$\",\"i\"),i=0;i<o.length;i++)o[i].style.display=\"none\";for(i=0;i<a.length;i++)s=a[i],e.source===s.contentWindow&&(s.removeAttribute(\"style\"),\"height\"===t.message?(1e3<(r=parseInt(t.value,10))?r=1e3:~~r<200&&(r=200),s.height=r):\"link\"===t.message&&(r=new URL(s.getAttribute(\"src\")),n=new URL(t.value),c.test(n.protocol))&&n.host===r.host&&l.activeElement===s&&(d.top.location.href=t.value))}},d.addEventListener(\"message\",d.wp.receiveEmbedMessage,!1),l.addEventListener(\"DOMContentLoaded\",function(){for(var e,t,s=l.querySelectorAll(\"iframe.wp-embedded-content\"),r=0;r<s.length;r++)(t=(e=s[r]).getAttribute(\"data-secret\"))||(t=Math.random().toString(36).substring(2,12),e.src+=\"#?secret=\"+t,e.setAttribute(\"data-secret\",t)),e.contentWindow.postMessage({message:\"ready\",secret:t},\"*\")},!1)))}(window,document);\n\/\/# sourceURL=https:\/\/www.prixdelausanne.org\/wp-includes\/js\/wp-embed.min.js\n\/* ]]> *\/\n<\/script>\n","thumbnail_url":"https:\/\/www.prixdelausanne.org\/wp-content\/uploads\/2017\/12\/PDL2017_photo_gregory_batardon_D1A7875.jpg","thumbnail_width":2560,"thumbnail_height":1707,"description":"Nous sommes heureux de pr\u00e9senter nos collaborateurs artistiques pour cette 46\u00e8me \u00e9dition du Prix de Lausanne. Le concours ne pourrait pas exister sans la pr\u00e9cieuse collaboration de ces professeurs, coachs et musiciens venus du monde entier. Par leur disponibilit\u00e9, leurs soins attentifs et leur conseils avertis, ils contribuent \u00e0 faire du Prix de Lausanne non [&hellip;]"}

Nous sommes heureux de présenter nos collaborateurs artistiques pour cette 46ème édition du Prix de Lausanne. Le concours ne pourrait pas exister sans la précieuse collaboration de ces professeurs, coachs et musiciens venus du monde entier. Par leur disponibilité, leurs soins attentifs et leur conseils avertis, ils contribuent à faire du Prix de Lausanne non [&hellip;]
