 {"version":"1.0","provider_name":"Prix de Lausanne","provider_url":"https:\/\/www.prixdelausanne.org\/fr\/","author_name":"Assistant Communication","author_url":"https:\/\/www.prixdelausanne.org\/fr\/author\/assistant\/","title":"D\u00e9voilement des affiches 2027 - Prix de Lausanne","type":"rich","width":600,"height":338,"html":"<blockquote class=\"wp-embedded-content\" data-secret=\"keeuG3MLXb\"><a href=\"https:\/\/www.prixdelausanne.org\/fr\/2027-posters\/\">D\u00e9voilement des affiches 2027<\/a><\/blockquote><iframe sandbox=\"allow-scripts\" security=\"restricted\" src=\"https:\/\/www.prixdelausanne.org\/fr\/2027-posters\/embed\/#?secret=keeuG3MLXb\" width=\"600\" height=\"338\" title=\"\u00ab\u00a0D\u00e9voilement des affiches 2027\u00a0\u00bb &#8212; Prix de Lausanne\" data-secret=\"keeuG3MLXb\" frameborder=\"0\" marginwidth=\"0\" marginheight=\"0\" scrolling=\"no\" class=\"wp-embedded-content\"><\/iframe><script>\n\/*! This file is auto-generated *\/\n!function(d,l){\"use strict\";l.querySelector&&d.addEventListener&&\"undefined\"!=typeof URL&&(d.wp=d.wp||{},d.wp.receiveEmbedMessage||(d.wp.receiveEmbedMessage=function(e){var t=e.data;if((t||t.secret||t.message||t.value)&&!\/[^a-zA-Z0-9]\/.test(t.secret)){for(var s,r,n,a=l.querySelectorAll('iframe[data-secret=\"'+t.secret+'\"]'),o=l.querySelectorAll('blockquote[data-secret=\"'+t.secret+'\"]'),c=new RegExp(\"^https?:$\",\"i\"),i=0;i<o.length;i++)o[i].style.display=\"none\";for(i=0;i<a.length;i++)s=a[i],e.source===s.contentWindow&&(s.removeAttribute(\"style\"),\"height\"===t.message?(1e3<(r=parseInt(t.value,10))?r=1e3:~~r<200&&(r=200),s.height=r):\"link\"===t.message&&(r=new URL(s.getAttribute(\"src\")),n=new URL(t.value),c.test(n.protocol))&&n.host===r.host&&l.activeElement===s&&(d.top.location.href=t.value))}},d.addEventListener(\"message\",d.wp.receiveEmbedMessage,!1),l.addEventListener(\"DOMContentLoaded\",function(){for(var e,t,s=l.querySelectorAll(\"iframe.wp-embedded-content\"),r=0;r<s.length;r++)(t=(e=s[r]).getAttribute(\"data-secret\"))||(t=Math.random().toString(36).substring(2,12),e.src+=\"#?secret=\"+t,e.setAttribute(\"data-secret\",t)),e.contentWindow.postMessage({message:\"ready\",secret:t},\"*\")},!1)))}(window,document);\n\/\/# sourceURL=https:\/\/www.prixdelausanne.org\/wp-includes\/js\/wp-embed.min.js\n<\/script>\n","thumbnail_url":"https:\/\/www.prixdelausanne.org\/wp-content\/uploads\/2025\/08\/39017-site-1-scaled.jpg","thumbnail_width":2560,"thumbnail_height":1440,"description":"Nous sommes fiers de d\u00e9voiler les affiches du Prix de Lausanne 2027, cr\u00e9\u00e9es par Alain Kissing (atelier k), avec des photographies sign\u00e9es par notre photographe officiel, Rodrigo Buas. Fid\u00e8les \u00e0 la tradition, ces affiches mettent \u00e0 l\u2019honneur l&#8217;un ou l&#8217;une des Laur\u00e9ats et Laur\u00e9ates de l\u2019\u00e9dition pr\u00e9c\u00e9dente. Nous sommes ravis de d\u00e9voiler les affiches 2027 [&hellip;]"}

Dévoilement des affiches 2027 - Prix de Lausanne

<blockquote class="wp-embedded-content" data-secret="keeuG3MLXb"><a href="https://www.prixdelausanne.org/fr/2027-posters/">Dévoilement des affiches 2027</a></blockquote><iframe sandbox="allow-scripts" security="restricted" src="https://www.prixdelausanne.org/fr/2027-posters/embed/#?secret=keeuG3MLXb" width="600" height="338" title="« Dévoilement des affiches 2027 » &#8212; Prix de Lausanne" data-secret="keeuG3MLXb" frameborder="0" marginwidth="0" marginheight="0" scrolling="no" class="wp-embedded-content"></iframe><script>
/*! This file is auto-generated */
!function(d,l){"use strict";l.querySelector&&d.addEventListener&&"undefined"!=typeof URL&&(d.wp=d.wp||{},d.wp.receiveEmbedMessage||(d.wp.receiveEmbedMessage=function(e){var t=e.data;if((t||t.secret||t.message||t.value)&&!/[^a-zA-Z0-9]/.test(t.secret)){for(var s,r,n,a=l.querySelectorAll('iframe[data-secret="'+t.secret+'"]'),o=l.querySelectorAll('blockquote[data-secret="'+t.secret+'"]'),c=new RegExp("^https?:$","i"),i=0;i<o.length;i++)o[i].style.display="none";for(i=0;i<a.length;i++)s=a[i],e.source===s.contentWindow&&(s.removeAttribute("style"),"height"===t.message?(1e3<(r=parseInt(t.value,10))?r=1e3:~~r<200&&(r=200),s.height=r):"link"===t.message&&(r=new URL(s.getAttribute("src")),n=new URL(t.value),c.test(n.protocol))&&n.host===r.host&&l.activeElement===s&&(d.top.location.href=t.value))}},d.addEventListener("message",d.wp.receiveEmbedMessage,!1),l.addEventListener("DOMContentLoaded",function(){for(var e,t,s=l.querySelectorAll("iframe.wp-embedded-content"),r=0;r<s.length;r++)(t=(e=s[r]).getAttribute("data-secret"))||(t=Math.random().toString(36).substring(2,12),e.src+="#?secret="+t,e.setAttribute("data-secret",t)),e.contentWindow.postMessage({message:"ready",secret:t},"*")},!1)))}(window,document);
//# sourceURL=https://www.prixdelausanne.org/wp-includes/js/wp-embed.min.js
</script>

Nous sommes fiers de dévoiler les affiches du Prix de Lausanne 2027, créées par Alain Kissing (atelier k), avec des photographies signées par notre photographe officiel, Rodrigo Buas. Fidèles à la tradition, ces affiches mettent à l’honneur l&#8217;un ou l&#8217;une des Lauréats et Lauréates de l’édition précédente. Nous sommes ravis de dévoiler les affiches 2027 [&hellip;]
